hat is the tens digit of g?
1
Suppose -12*n = -10394 - 24238. What is the hundreds digit of n?
8
Suppose 55*o = 66*o - 15851. What is the tens digit of o?
4
Let z be 3*(3 - (-71)/(-3)). Let r = -149 - z. Let q = -62 - r. What is the units digit of q?
5
Let n be (1 + -31)*(5 + (-124)/12). Let o = -63 + n. What is the tens digit of o?
9
Let p(m) = 13*m**3 + m**2 + 4*m - 12. What is the units digit of p(3)?
0
Suppose f + 1 + 0 = 0. Let m be (2/8)/(f/(-12)). Suppose 2*d = 1 + m. What is the units digit of d?
2
Let i(g) = -2*g + 16. Suppose 6*s - 3*s = 24. Let d be i(s). Suppose 0*f = 2*f - 5*b - 65, -3*f - 5*b + 135 = d. What is the tens digit of f?
4
Let z(m) = 11*m**2 - 36*m + 66. What is the hundreds digit of z(12)?
2
Suppose -2*a - 3*p = 0, -3*a - 4*p - 1 + 2 = 0. Suppose -a*x = -2*x - 20. What is the tens digit of x?
2
What is the hundreds digit of 6265*((-7)/(-5) + 43 + -44)?
5
Let p(c) = -c + 12. Let w be p(7). Suppose -200 = -t + 3*h, -4*t + 628 = -t + w*h. What is the tens digit of t?
0
Suppose -d + 56 + 34 = -3*f, -60 = 2*f - d. Let t = f + 58. Suppose -2*a + t = 2*w, -w + 2 = 3*a + 2*a. What is the units digit of w?
7
Let w(r) = -2*r**3 - 3*r**2 - r + 2. Let t be w(-2). Suppose -t = 2*k - 26. Let a = k - 1. What is the units digit of a?
8
Let b = 46 + -27. Let h = 84 + b. What is the hundreds digit of h?
1
Let x(z) = z**3 - 32*z**2 + 60*z + 70. What is the units digit of x(30)?
0
Suppose 2*h - 28 - 16 = 0. Suppose -18*r = -h*r + 16. Suppose 4*d - 35 = -r*j + 65, 0 = d - 3. What is the tens digit of j?
2
Let i(d) = -7*d - 10. Suppose -l = 5*h + 3, -2*h + 7*h = -3*l - 19. Let y be i(l). Suppose 3*w - 77 = y. What is the units digit of w?
1
Suppose 73*s - 76*s + 993 = 0. What is the tens digit of s?
3
Suppose 4*l = 2*l + 3*g - 162, 0 = -4*g - 16. Let x = l - -255. What is the tens digit of x?
6
Suppose -3*q - d = -0*d + 29, 2*q - d + 21 = 0. Let f = 11 + q. What is the units digit of 2 - (0 + f) - -6?
7
Let u(z) = -3*z**3 + 4*z**2 + 5*z - 8. What is the tens digit of u(-6)?
5
Let g = -22 + 14. What is the tens digit of ((-42)/g)/((-24)/(-64))?
1
Suppose -9*v + 3*v + 42 = 0. Suppose -v*w = -3 - 18. Suppose -z - 5*y + 77 = 23, -w = -y. What is the units digit of z?
9
What is the tens digit of 182*(0 + 18/21)?
5
Suppose -4*u = -5*q - 1744, 3*q = 3*u - 2*u - 429. Suppose r = -0*r - 3, 3*k + 2*r - u = 0. What is the tens digit of k?
4
Suppose 3*u = -4*m + 9104, 5*u + 6825 = 3*m + 8*u. What is the tens digit of m?
7
Let d = -2582 + 4994. What is the tens digit of d?
1
Suppose u - 181 = a + 2*a, 3*u - 564 = 2*a. What is the units digit of u?
0
Suppose -9*d + 5*d = -3*x - 1797, -1 = -x. What is the hundreds digit of d?
4
Let k(t) = -6*t**3 - t**2 - 2*t - 3. Let h = -9 - 14. Let q = h - -21. What is the units digit of k(q)?
5
Let p(q) be the third derivative of -q**6/360 + q**4/8 + 2*q**3/3 - 2*q**2. Let h(d) be the first derivative of p(d). What is the units digit of h(0)?
3
Suppose 8 = t - 5*i, 5*t - 4*i - 7 = 4*t. Suppose 12 = t*q + 4*p, 4*q + p - 21 = -5. What is the units digit of q?
4
Let f = 235 - 76. What is the hundreds digit of f?
1
Let p be (3 - 16/2) + -5. What is the tens digit of 18*45/p*-1?
8
Let s(x) = x**2 + 18*x + 19. Let a be s(-15). Let i = 49 - a. What is the tens digit of i?
7
Suppose -846 + 250 = -2*x. Let m = -128 + x. What is the tens digit of m?
7
Suppose -18*m + 12*m + 1434 = 0. What is the hundreds digit of m?
2
Suppose -3*z = -28 - 296. Suppose n - 4*n + z = 0. What is the tens digit of n?
3
Let u(n) be the first derivative of n**3/3 - 3*n**2 - 3*n - 3. Let k be u(7). Suppose 100 = k*s + s. What is the tens digit of s?
2
Suppose -6*k = -8*k + 414. Let q = -89 + 140. Suppose 4*z - k = -3*t, 2 = -z + 2*t + q. What is the units digit of z?
1
Let p = 1334 - 1931. What is the units digit of p/(-3)*(-10)/(-10)?
9
Suppose -2636 = -3*y + 4*l + 13828, -2*y = -l - 10981. What is the units digit of y?
2
What is the hundreds digit of 5077/7 + 1 + (-462)/1617?
7
Suppose -2*f = 2*f. Let n be 2*((-3)/(-6) - -2). Suppose f*b - n*u = 4*b - 21, 9 = 2*b + 3*u. What is the units digit of b?
9
Let o(q) = -q**3 - 7*q**2 + 10*q - 21. Suppose 0 = 3*s + 3*s + 54. What is the units digit of o(s)?
1
Let q = 75 + -112. Let z = q + 15. Let l = 55 + z. What is the units digit of l?
3
Suppose 5*q + 88 = 9*q. What is the units digit of ((-18)/q - -1) + (-229)/(-11)?
1
Suppose -3*t = 2*n + 20, 0*t + t - n = -5. Let o be -4*(-4)/(-8) - t. Suppose -3*w + 4*k = -49, o*k - 82 = -4*w + k. What is the tens digit of w?
1
Let w(a) = -a**3 - 2*a**2 + 5*a + 5. Let o = 6 - 4. Suppose -o*s - 5 = 3. What is the tens digit of w(s)?
1
Let s(y) = -y**2 + 12*y - 2. Let g be s(8). Let j = g + 3. What is the tens digit of j?
3
Let d(q) = -5*q + 1. Let k be d(2). Let n(o) = -o**3 - 3*o**2 + 13*o - 14. Let c be n(-6). Let h = k + c. What is the units digit of h?
7
Suppose -8*r = -309 - 483. Let c = r + -65. What is the tens digit of c?
3
Suppose -47 + 324 = y. What is the tens digit of y?
7
Let b(n) = n + 6. Let j(p) = 7. Let q(k) = -2*b(k) + 3*j(k). Let r be q(-5). Suppose -4*i - 56 = -4*h, h + 3*i - r = 15. What is the units digit of h?
9
Suppose 2286 = 3*i + 2*j, i - j - 779 = 4*j. What is the tens digit of i?
6
What is the hundreds digit of 1*(6 + -5)*239?
2
Let d(a) = 146*a**2 - 49*a + 83. What is the thousands digit of d(5)?
3
Suppose s - 2 = -s, -4*d + 3*s = 99. Let q be (-113)/3 + 8/d. What is the tens digit of 0 - (-2 - (-2 - q))?
3
Suppose -5*d + l - 21 = 9, 3*l - 10 = -d. Let f = d + 0. Let n = 20 + f. What is the units digit of n?
5
Suppose 0 = 4*i - 13*i + 18. What is the units digit of (1/i)/((-2)/(-140))?
5
Suppose 0 = 3*n + 2*n - 35. Suppose z = 4*l - n, 5*z + l - 6*l = -20. What is the tens digit of (-4 + 0)/(z/15)?
2
Let c = 1149 - 769. What is the tens digit of c?
8
Let a = -65 - -193. Suppose 7*m - 3*m = a. What is the tens digit of m?
3
Let s(i) = -i**3 - 4*i**2 - 4*i - 1. Let d be s(-3). Suppose 119 = -d*h + 19. What is the units digit of (-3310)/h - (-8)/10?
7
Let h(p) = p**2 - 4*p - 11. Let t be h(6). Suppose i = -4*y + 213, 0 = -2*i + 14 - 4. Suppose -t + y = 3*b. What is the units digit of b?
7
Let l(j) = 504*j + 66. What is the hundreds digit of l(4)?
0
Let w be -2 + 63/3 + -3. Suppose 2*m + 2*m - w = 0. Suppose 0 = -m*u - 6 + 66. What is the units digit of u?
5
Let i(w) = 14*w**2 + 8*w + 86. What is the units digit of i(-6)?
2
Let i(s) = 52*s - 3. Let b be i(-4). Let d = 304 + b. What is the units digit of d?
3
Suppose -3*c - 36 = -0*c. Let u be (-4)/12 + 46/3. Let v = u + c. What is the units digit of v?
3
Let f(m) = 265*m**2 + 16*m - 24. What is the thousands digit of f(2)?
1
Let n(b) = 2*b**3 - 11*b**2 - 12*b + 1. What is the hundreds digit of n(9)?
4
What is the tens digit of (-10)/(-65) - (43416/(-26) + 1)?
6
Let j = 3137 + -1955. What is the units digit of j?
2
Let a(w) = 4*w + 5. Let t be a(-7). Let p be 3 - (t + -1 - -1). What is the units digit of (p/(-4) - -3)*-2?
7
Let m(o) = o**2 + 6*o + 2. Let r be m(-7). Let d be 22/14 - r/(-21). Suppose 0 = -3*y + 4*n + 173, n = 5*y - d*n - 270. What is the units digit of y?
1
Let u(a) = 2*a + 25. Let r be u(-10). Suppose 0 = -4*c + 3*t + 277, 4*c + t - 284 = -3*t. What is the tens digit of (0 + c)*2/r?
2
Suppose 2*p = 7*p - 1275. What is the units digit of p?
5
Let u = 2091 - 1363. What is the hundreds digit of u?
7
Let j(r) = -r**3 - 3*r**2 + 4*r + 5. Let x be j(-4). Let i(l) = -2 - 2 + 1 + l. What is the units digit of i(x)?
2
Let n(j) = -7*j**3 + 4*j**2 + 5*j + 3. Suppose -11 = 8*p + 13. What is the tens digit of n(p)?
1
Let a be 5 - (2 - -1) - -1. Let u be (9 - a)/2 + 2. Suppose 37 = u*p - 33. What is the units digit of p?
4
Suppose -2610 = -1707*b + 1697*b. What is the hundreds digit of b?
2
Let p be (-15)/35 - (-412)/14. Suppose p = -r - 2*s, 4 + 0 = -r + 3*s. What is the tens digit of r/((-4)/(7 + -3))?
1
What is the thousands digit of (3 - 2)*(1508 + 3)?
1
Let i(x) = -4*x. Let y be (2/3)/((-4)/6). Let o be (10/(-6))/(y/(-3)). What is the tens digit of i(o)?
2
Suppose 4*u + u + 235 = 3*c, 3*u + 135 = 3*c. What is the tens digit of (236/10)/((-20)/u)?
5
Suppose 2*i + 8 = 3*v, 2*v - 8 + 4 = 2*i. Let o = -82 + 89. Let h = o + v. What is the units digit of h?
1
Let u = -1872 + 3159. What 